3*v - 3*w + 38 = -13. Let x be (-2)/(-4) + (-219)/(-2). Calculate the greatest common divisor of x and v.
22
Let a(k) = k**2 - 6. Let v be a(-3). Let f be (-398)/(-10) + 4/20. Suppose -47 = -4*h + q + f, 5*q = 3*h - 78. What is the highest common factor of h and v?
3
Let m(p) = 99*p + 23. Let c be m(2). What is the highest common divisor of 13 and c?
13
Let d be ((-2)/(-4))/((-7)/(-70)). Calculate the greatest common factor of d and 10.
5
Let z = 18 + -9. Let o(a) = 2*a**2 - 6*a + 7. Let n(y) = 2*y**2 + 4*y - 1. Let l be n(-3). Let s be o(l). Calculate the highest common divisor of z and s.
9
Let i = 61 - 36. Suppose 6*x - x + i = 0, 2*x = -4*f - 14. Let t be (36/14)/(f/(-14)). What is the highest common factor of t and 12?
12
Suppose -2*c - 2 = -22. What is the highest common factor of c and 10?
10
Let f = 36 - 28. Calculate the greatest common divisor of 24 and f.
8
Suppose -j = -0*j - 17. Suppose -r - 4 = -3*r. Suppose -70 = -c + 2*p - 0*p, 4*c = -r*p + 270. Calculate the greatest common factor of c and j.
17
Let q(s) = -16*s**3 + s**2 + 3*s + 2. Let v be q(-1). Calculate the greatest common divisor of 16 and v.
16
Let f = -56 + 61. Calculate the highest common factor of 1 and f.
1
Let c be 2/(-6)*3*-3. What is the highest common divisor of 2 and c?
1
Let z be (-20 + 14)*((-35)/2)/5. Let f = 548 + -380. What is the highest common factor of z and f?
21
Let a(g) = 22*g. Let d be a(4). Let k(l) = 2*l**2 + 2*l - 13. Let f be k(-4). Calculate the greatest common factor of f and d.
11
Let z = -3 - -9. Suppose 5*f - 168 = f. What is the highest common factor of f and z?
6
Let r = 0 - -10. What is the greatest common factor of r and 10?
10
Let o = 70 + 147. Let i = o - 306. Let c = -54 - i. What is the highest common divisor of 14 and c?
7
Suppose 0 = 12*a - 26*a + 266. Calculate the greatest common divisor of 19 and a.
19
Let k(d) = 3*d - 20. Let f be k(11). Calculate the highest common factor of f and 104.
13
Suppose 16 = -5*x - 4, -5*x - 20 = 3*n. Suppose 5*t - 3*t - 6 = n. Suppose 45 = t*f - 0*f. What is the greatest common factor of 15 and f?
15
Let m(b) = -b**2 + 13*b - 13. Let d be m(11). Suppose -68 = g - 5*g. Let j = g - d. What is the greatest common divisor of j and 56?
8
Let b be ((-45)/(-30))/((-1)/(-2)). What is the highest common factor of 3 and b?
3
Let h = 5 + 6. Let q = 19 - 8. Let u be (-13)/(-11) - 2/q. What is the greatest common divisor of h and u?
1
Let n(r) = r**2 + 8*r + 6. Let p be n(-6). Let i be 8/6*p/(-2). Let s be 70/i - 3/(-6). Calculate the greatest common divisor of 90 and s.
18
Let m(l) = -l**2 - 6*l + 7. Let t(y) = 3*y + 2*y + 2 - 7*y. Let z be t(4). Let n be m(z). What is the highest common divisor of 21 and n?
7
Let s(a) = 3*a - 2*a + 2*a**2 + 1 - 5*a. Let x be s(4). Calculate the greatest common divisor of 17 and x.
17
Let x = -66 - -110. Let i(p) = p**3 - 7*p**2 + 8*p - 8. Let g be i(6). Let m be 15/g + 1/4. Calculate the highest common divisor of x and m.
4
Let c(h) = -h**3 + 12*h**2 + 3*h - 22. Let w be c(12). Let z = 23 - 9. What is the highest common factor of w and z?
14
Suppose -6*t + 693 = -3*t. Let l be 3/(-6)*(-1 - 41). Calculate the greatest common divisor of t and l.
21
Suppose 153*z - 157*z = -240. Suppose 0 = a - u - 3*u - 28, -u = 5*a - 56. Calculate the highest common divisor of z and a.
12
Let k be -3 - (1 + -3) - 1. Let z = k + 5. Let u(s) = -s + 7. Let j be u(5). Calculate the greatest common factor of z and j.
1
Let k = 117 - -4. Let j be (-3)/(-6)*0 + -13. Let b = -2 - j. Calculate the highest common factor of b and k.
11
Let m(q) be the second derivative of q**3/6 - q**2 + q. Let r be m(8). What is the highest common divisor of r and 66?
6
Let u be (-14)/(-4) - (-6)/12. What is the greatest common factor of 4 and u?
4
Let o(p) = 2*p**2 + 4*p + 3. Let q be o(-2). Let i be (q + -1 - 4)/(-2). Let c be (16/10)/(i/5). What is the highest common divisor of c and 72?
8
Suppose 3*n - 4*n + 2 = 0. Suppose -92 = -n*v - 0*v. What is the greatest common factor of v and 115?
23
Let u be 8/36 + 817/9. Suppose -5*z = -2*o - 463, 2*z - 5*o - u = 111. Let q(p) = -3*p - 2. Let l be q(-5). Calculate the greatest common factor of z and l.
13
Let h(o) = -o + 3. Let y be h(2). Let g be 24/(y/3*3). Calculate the greatest common divisor of g and 24.
24
Suppose -3*v = 5 - 521. Calculate the highest common divisor of v and 43.
43
Let s(o) = -o**2 - 8*o + 16. Let w be s(-9). What is the highest common factor of 49 and w?
7
Suppose -4*q + 2*q = -160. Suppose -4*m + 100 = 20. Calculate the highest common divisor of q and m.
20
Suppose -2*n + 4 = -0*n. Suppose -2*j + 6 = 0, n*x - 29 = -5*j + 18. Let l(d) = 8*d**2 + 3*d + 1. Let t be l(-3). What is the greatest common factor of x and t?
16
Suppose -100 = -4*o + 428. Suppose 0 = 5*y - w - 65, -57 - 11 = -4*y + 4*w. What is the highest common factor of y and o?
12
Let m be 8/4 - 21/(-3). Let i(g) = g**2 - 7*g - 4. Let b be i(m). What is the highest common factor of b and 154?
14
Suppose -3*u + u = -4. Let d = 3 + u. What is the greatest common factor of 5 and d?
5
Suppose -x + 6 = -5*x + 2*k, -5*k = 4*x + 13. Let m be 2*((2 - x) + -1). Suppose -3*d + m*d - 63 = 0. Calculate the greatest common divisor of 14 and d.
7
Let n(a) = a - 4. Let y be n(9). Suppose -y*s + 3*w + 386 + 148 = 0, 422 = 4*s - 5*w. What is the highest common factor of s and 12?
12
Let h be (2/6)/(1/363). Calculate the greatest common divisor of h and 11.
11
Suppose 13 = -4*s + h, 5*s + 9 = h - 8. Suppose -z + 64 = -0*z. Let v = s + z. Calculate the greatest common divisor of 10 and v.
10
Suppose 6*f - 7*f + 10 = 0. What is the greatest common divisor of 10 and f?
10
Let v = 9 - 15. Let d(u) = u**3 + 7*u**2 + 5*u - 1. Let m be d(v). Suppose -m*q + 9 = -1. What is the highest common factor of 4 and q?
2
Let z = 239 - -69. Calculate the greatest common factor of z and 28.
28
Suppose 3*d - 48 = -d. Suppose k - 68 = -4*r + 121, 4*k + 12 = 0. Calculate the greatest common divisor of d and r.
12
Let j be (-88)/(-32) - 2/(-8). Let p(b) = -16*b - 5. Let k be p(-2). Calculate the highest common factor of k and j.
3
Suppose 0 = -x + 4*x - 66. Let v = x - 12. Calculate the highest common factor of v and 20.
10
Suppose 6*b - 28 = 5*b. Suppose -s = q - 8, -4*q + 2*s - 2 + b = 0. What is the highest common factor of 7 and q?
7
Let u(g) be the third derivative of g**5/12 - g**2. Let j be u(-3). Let i(c) = c**2 + 3*c + 5. Let f be i(-5). What is the greatest common factor of f and j?
15
Let o = -6 + 10. Suppose -4*f + r = -26, -5*f + o + 16 = 5*r. Calculate the highest common divisor of f and 4.
2
Let b(y) = y**3 - 5*y**2 + 3*y. Let w be b(4). Let j be (-6)/(w/(80/(-6))). Let m be 84/10*j/(-6). Calculate the highest common factor of m and 14.
14
Suppose -217 = -3*f + 4*m, -5*f - m = -3*f - 141. Let u = -39 + f. Let y = u + -16. Calculate the highest common factor of y and 2.
2
Let q(j) = -j**2 + 4*j + 5. Let f be q(4). Suppose 0 + f = i. Suppose -c = -i*z - 4*c + 101, -5*c = -z + 37. Calculate the greatest common factor of z and 55.
11
Let a(n) = n**2 + 2*n + 1. Let i be a(-1). Suppose i = 4*k - 5*y - 107 - 22, 5*y + 57 = 2*k. What is the highest common divisor of 90 and k?
18
Let m = 243 - 204. Calculate the greatest common divisor of m and 429.
39
Let m = 26 - 5. Calculate the greatest common divisor of m and 105.
21
Suppose 31 = 2*d - 7. Let z = d - 16. Calculate the greatest common factor of 24 and z.
3
Let b(x) = x**2 - 6*x + 8. Let h be b(0). Calculate the highest common factor of h and 1.
1
Let c(v) = -v**2 + v + 144. Let b be c(0). Suppose 2*j + 6 = 42. What is the highest common factor of j and b?
18
Suppose -4*c = -5*l - c + 72, 2*l - 35 = -5*c. Let b = -149 - -216. Let z = 142 - b. What is the greatest common divisor of l and z?
15
Suppose 5*n - 18 = 2. What is the greatest common factor of 20 and n?
4
Let k(a) = a**2 - 8*a + 31. Let w be k(5). Calculate the highest common divisor of 112 and w.
16
Suppose -4*a - 9 = -a, 2*a + 326 = 4*r. What is the greatest common factor of 32 and r?
16
Let o(h) = h + 10. Let x be o(-12). Let w be ((-1 + -65)/1)/x. What is the highest common factor of 3 and w?
3
Suppose 322 = s + s. Let h be (-5 - -6)*1*s. Calculate the greatest common divisor of h and 23.
23
Suppose 0 =